t is the hundreds digit of c?
8
Suppose -2243892 = -43*j - 41*j. What is the thousands digit of j?
6
Let y(a) = 2 - 154*a**3 + 76*a**3 + 77*a**3 + 17*a**2. Let t be y(17). Suppose -2*p + 176 = t*p. What is the tens digit of p?
4
Let c = -63892 + 98062. What is the tens digit of c?
7
Suppose -2*t + 133 = 3*t - u, -77 = -3*t + 2*u. Let z be (-2)/7 - (-187)/(-7). What is the units digit of ((-12)/t)/(6/z)?
2
What is the hundreds digit of (1080 - 0) + 2327/179?
0
Let z(y) be the third derivative of y**7/168 - y**6/720 - y**5/40 - y**4/6 + 7*y**2. Let l(c) be the second derivative of z(c). What is the tens digit of l(-2)?
5
Suppose 139 = -11*f - 37. What is the thousands digit of (-3620)/60*(-1 + -1 + f)?
1
Let o(s) = -1414*s + 495. What is the hundreds digit of o(-10)?
6
Let b(v) = -11*v**2 + 1. Let s be b(-1). Let q be 3/6*10*-1. What is the units digit of -2 + q/25 + (-1092)/s?
7
Let q = 62 - 62. Suppose q = -3*v - v + 736. Let g = 281 - v. What is the tens digit of g?
9
Let d be -1 - 4*6/8. Let n be 6/d*(240/(-3) - -2). Suppose 38 + n = 5*h. What is the units digit of h?
1
Suppose 2943*d - 2939*d - 27996 = 0. What is the tens digit of d?
9
Suppose -3*z = 2*t - 8444, -14*z + 15*z + 21144 = 5*t. What is the tens digit of t?
2
Let z(p) = p**2 + 51*p - 715. Let k be z(15). Let o = -241 - -139. Let t = k + o. What is the hundreds digit of t?
1
Let j(a) = -14*a**3 - 9*a**2 - 14*a - 67. What is the hundreds digit of j(-4)?
7
Let o(k) = 2*k**2 - 7*k + 4. Let g be o(3). Let w(r) = 163*r - 8. Let t be w(g). Let f = t + 78. What is the tens digit of f?
3
Suppose -3*m + 1422 = -2*g + 23349, -m = 1. What is the thousands digit of g?
0
Suppose -2*w = 3*l - 68857, 15549 = l + 2*w - 7414. What is the units digit of l?
7
Let c = -350 - -354. Suppose -3*u = -h - 2864, 0*h = 5*u - c*h - 4764. What is the units digit of u?
6
Let m(p) = 2*p**2 - 13*p + 1095. Suppose 0 = 8*l - 8*l + 13*l. What is the thousands digit of m(l)?
1
Let u(k) = 23*k**2 + 28*k + 230. What is the tens digit of u(-12)?
0
Let v(h) = -260*h + 4448. What is the hundreds digit of v(-63)?
8
Let s(y) = y - 7. Let o be s(2). Let c = 10 + o. What is the tens digit of (10/c)/(4/252)?
2
Let p(b) = -20 + 529*b + 9 - 134*b + 11. What is the units digit of p(2)?
0
Let g(d) = d + 23. Let i be g(-7). Let h be 4/i + 1/(-4). Suppose -4*l + h*l + 4*y = -468, 5*y - 20 = 0. What is the units digit of l?
1
Let a be 24/9*(-243)/12. Let g = 80 + a. Suppose -5*f + g = 2*m - 34, 5*m - 116 = -4*f. What is the units digit of m?
0
Let b = -9798 + 30051. What is the tens digit of b?
5
Let c(v) = 11*v - 15. Let r(l) = l**3 - l**2 - 12*l + 16. Let k(p) = 4*c(p) + 3*r(p). What is the hundreds digit of k(5)?
3
Let l = -46008 + 72767. What is the units digit of l?
9
Let x(b) be the first derivative of 3/2*b**2 + 6*b + b**3 - 4. What is the units digit of x(-5)?
6
Suppose 0 = 7*y - 13*y + 84. Let k = -15 + y. Let g(p) = -56*p. What is the units digit of g(k)?
6
Let k(j) = -j**3 + 9*j**2 - 14*j - 47. Let c be k(-10). Suppose -3*y + 4*f = -c, 0*f = 4*y + 2*f - 2694. What is the hundreds digit of y?
6
Let v = -642 + 1476. Suppose 2*d + v = 2*g, 4*g + d = 6*g - 829. What is the hundreds digit of g?
4
What is the tens digit of ((-18)/(-8))/((-60)/(-57320))*2?
9
Suppose -4*n + 88567 = -3*o, 5*n = -3*o + 47280 + 63476. What is the thousands digit of n?
2
Suppose -340 = 4*l + 2*q, -2*l - 3*q + 7*q = 160. Let n = l - -86. Suppose 4*i + 5*g - 320 = 2*i, -5*g - 280 = -n*i. What is the units digit of i?
0
Suppose 4*y + 7*a - 28 = 4*a, -3*y + 21 = -4*a. Suppose 11*m - 51 = -y. Suppose -m*g = 5*w - 476, 0*g + w = -2*g + 232. What is the tens digit of g?
1
Let q be 26/(-8)*(-1 - -5). Let a = q - -16. Suppose 0*v - 136 = -2*x + v, 5*x + a*v = 362. What is the units digit of x?
0
Suppose -6*g = 1570 + 80. What is the units digit of 1/((-5)/(-2)) + (-80465)/g?
3
Suppose -157*t = -320*t + 8332071. What is the ten thousands digit of t?
5
Let p(z) = 103*z**2 - 1. Let t be (-16)/(-6)*(-27)/(-18). Let q be 6*t/40 + 2/5. What is the hundreds digit of p(q)?
1
Let x = -93 + 97. Suppose -2*f = 4*i + f - 6339, 0 = x*i + f - 6337. Suppose 10*z - i = z. What is the hundreds digit of z?
1
Suppose -37344 = -129*f + 128*f + 4*b, f = -5*b + 37389. What is the units digit of f?
4
Let r(c) = c**3 + 7*c**2 - 10*c - 16. Let h be r(-8). Let a(f) = -3*f**3 - f + 5. Let d be a(h). Suppose -d*u + 14*u = 1737. What is the units digit of u?
3
Suppose -q - 19 = -22. Suppose -q*l + 1215 = 2*v, -3*v - 3*l = 2*l - 1820. Suppose -14*d = -19*d + v. What is the units digit of d?
3
Suppose 9 = x - z, -9*x + 4*x - 4*z = -9. Suppose x*p - 268 + 79 = 2*t, t + 75 = 2*p. What is the units digit of (1/(-5))/(-1) - p/(-5)?
8
Let j(m) = -4*m + 64. Let x be j(16). Suppose 2*r - 4*u = -x*u + 592, r = u + 300. What is the hundreds digit of r?
3
Let q = 1146 + -2067. Let l = q + 1808. What is the units digit of l?
7
Suppose 56*q - 9871 = -5*a + 59*q, 2*q - 9886 = -5*a. What is the tens digit of a?
7
Let r be (-13)/(325/20) - (-1172)/(-10). Let g = r + 120. Suppose g*n + 79 + 474 = 3*k, -4*k + 756 = 2*n. What is the tens digit of k?
8
Let j(i) = 20 - 39 - 14*i**2 + 42 - 10*i + i**3. Let s be j(12). What is the units digit of (s/21)/((-2)/18)?
5
Let s be (-7239)/(-12) + -2 + (-11)/44. Let c = -366 + s. What is the units digit of c?
5
Let j be (-7)/(28/(-20)) + 1853. Let t = j - 1041. What is the hundreds digit of t?
8
Let w(o) = -o**2 - 6*o - 10. Let h be w(-4). What is the tens digit of (23/(-3) - h/3)*-11?
7
Let g(j) = j**3 - 4*j**2 + 29*j + 42. What is the thousands digit of g(23)?
0
Let a = -72 - -77. Suppose 5*t + 53 = 4*s + 2*t, a*t - 5 = 0. Suppose 204 + 258 = s*i. What is the units digit of i?
3
Let u(o) = o**3 - 4*o**2 - 4*o + 1. Let i(w) = w**3 - 6*w**2 - 6*w + 1. Let a(r) = 5*i(r) - 7*u(r). Let s be a(3). What is the units digit of (-4)/s*5*188?
7
Suppose 32*s - 471460 = 53588 + 338600. What is the thousands digit of s?
6
Suppose -r + 1477 = 3*x, -4*x - 2956 = -2*r - 8*x. Let y = r - 978. What is the tens digit of y?
0
Let y = -52 - -55. Let h be (y - 5)/(-1) - 3. Let w(f) = -127*f - 1. What is the tens digit of w(h)?
2
Let y = 467 + -329. Suppose 6*h + 108 = -y. Let r = 65 + h. What is the tens digit of r?
2
Let u = -374 + 3170. What is the tens digit of u?
9
Let s = -431 + 405. What is the units digit of (-4)/s + (-9821)/(-299)?
3
Let s(q) = 2*q**2 - 15*q + 18. Let o be s(6). Let l be o - (0 + 2) - -34. Let y = -2 + l. What is the units digit of y?
0
Let d(q) = q**2 - 16*q - 12. Let r be d(17). Suppose 0 = -r*x + 170 - 35. Suppose -4*w + w = 3*n - 57, x = w + 5*n. What is the tens digit of w?
1
What is the tens digit of (-4)/(-3)*36234/36?
4
Let x(p) = 4*p**2 + 9*p + 17. Let l(q) = 6*q - 27. Let n be l(6). What is the tens digit of x(n)?
2
Suppose -v + 6 = -2*v. What is the tens digit of (v - -9) + -1 + 490?
9
Suppose 232*y - 2237709 = 16*y + 6250443. What is the units digit of y?
7
Let i(a) = 39*a**3 + a**2 + 136*a - 402. What is the hundreds digit of i(3)?
0
Suppose 34*x = 381010 + 519378. What is the hundreds digit of x?
4
Suppose i + 1080 = -5*f, 0*i - 864 = 4*f - i. Let w be ((-2)/1 - 40)*f/16. Let h = -334 + w. What is the hundreds digit of h?
2
Let o be ((-2)/(-6))/(-2 + 51/27). Let d be ((0/2)/1)/(o/3). Suppose -5*g + y + 535 = d, -4*g - 2*y + 442 = -0*y. What is the hundreds digit of g?
1
Suppose 13242 = 10*m - 7*m - 4*l, 0 = m - 3*l - 4419. Let n = m + -3146. What is the units digit of n?
4
Suppose 38*p - 41*p = -9. Let s(n) = n + 5. Let t be s(-3). What is the tens digit of (11/t)/(p/24)?
4
Let z(h) = h**3 + 26*h**2 + 24*h + 5. Let j be z(-25). Suppose 9*r - 12*r = -j. What is the tens digit of (8/r)/(20/2750)?
1
Suppose -4*u + 4*l + 26 = -3*u, -4*l = 3*u + 2. Suppose 5*v - u*n - 4665 = -11*n, 0 = 3*v + 4*n - 2795. What is the tens digit of v?
3
Suppose -10*f - 2087 = f - 5926. What is the units digit of f?
9
Suppose -5*y - 6*a - 4 = -10*a, 0 = -3*y + 4*a - 4. Suppose -10*q = 5*p - 12*q - 4141, 2*q - 4 = y. What is the hundreds digit of p?
8
Let c be 2/10 + (-3)/(15/(-154)). Let o = c + 38. Suppose -b + 2*m + 127 = 0, -b + m - o = -200. What is the hundreds digit of b?
1
Let a(k) = 10*k + 45. Let w be a(-6). Let h be (36/w)/(-4)*5. Suppose 2*i - 67 = -h*m, 5*i = 